{"id":2,"date":"2018-03-29T15:20:43","date_gmt":"2018-03-29T13:20:43","guid":{"rendered":"http:\/\/zlomujemy.com.pl\/?page_id=2"},"modified":"2025-06-04T16:56:33","modified_gmt":"2025-06-04T14:56:33","slug":"page-d-exemple","status":"publish","type":"page","link":"https:\/\/zlomujemy.com.pl\/","title":{"rendered":"Tylko z nami z\u0142omowanie samochodu jest mo\u017cliwe 7 dni w tygodniu"},"content":{"rendered":"<p>Nasz\u0105 specjalizacj\u0105 jest autokasacja wszystkiego, co kiedy\u015b je\u017adzi\u0142o lub nadal je\u017adzi. Stacja demonta\u017cu pojazd\u00f3w przyjmuje samochody osobowe, dostawcze, ci\u0119\u017carowe, autobusy, motocykle, maszyny budowlane oraz rolnicze. Nie boimy si\u0119 wyzwa\u0144, dlatego podejmujemy si\u0119 demonta\u017cu praktycznie ka\u017cdego pojazdu.<\/p>\n<p>Ka\u017cdy klient, kt\u00f3ry przekazuje nam sw\u00f3j pojazd w celu zez\u0142omowania go, otrzymuje wszystkie dokumenty niezb\u0119dne do wyrejestrowania samochodu w Wydziale Komunikacji oraz zg\u0142oszenia swojemu ubezpieczycielowi faktu demonta\u017cu auta.<\/p>\n<p>Zapraszamy do kontaktu telefonicznego pod numerem 889 444 666 lub 507 355 300. Osoba dy\u017curuj\u0105ca odpowie na ka\u017cde Pa\u0144stwa pytanie i rozwieje wszelkie w\u0105tpliwo\u015bci.<\/p>\n<h4 style=\"text-align: center;\">Zaufa\u0142y nam ju\u017c tysi\u0105ce klient\u00f3w<\/h4>\n<h4 style=\"text-align: center;\">sprawd\u017a nas r\u00f3wnie\u017c i Ty.<\/h4>\n","protected":false},"excerpt":{"rendered":"<p>Nasz\u0105 specjalizacj\u0105 jest autokasacja wszystkiego, co kiedy\u015b je\u017adzi\u0142o lub nadal je\u017adzi. Stacja demonta\u017cu pojazd\u00f3w przyjmuje samochody osobowe, dostawcze, ci\u0119\u017carowe, autobusy, motocykle, maszyny budowlane oraz rolnicze. Nie boimy si\u0119 wyzwa\u0144, dlatego podejmujemy si\u0119 demonta\u017cu praktycznie ka\u017cdego pojazdu. Ka\u017cdy klient, kt\u00f3ry przekazuje nam sw\u00f3j pojazd w celu zez\u0142omowania go, otrzymuje wszystkie dokumenty niezb\u0119dne do wyrejestrowania samochodu w &hellip; <a href=\"https:\/\/zlomujemy.com.pl\/\" class=\"more-link\">Czytaj dalej<span class=\"screen-reader-text\"> \u201eTylko z nami z\u0142omowanie samochodu jest mo\u017cliwe 7 dni w tygodniu\u201d<\/span><\/a><\/p>\n","protected":false},"author":1,"featured_media":0,"parent":0,"menu_order":0,"comment_status":"closed","ping_status":"open","template":"","meta":{"footnotes":""},"_links":{"self":[{"href":"https:\/\/zlomujemy.com.pl\/index.php\/wp-json\/wp\/v2\/pages\/2"}],"collection":[{"href":"https:\/\/zlomujemy.com.pl\/index.php\/wp-json\/wp\/v2\/pages"}],"about":[{"href":"https:\/\/zlomujemy.com.pl\/index.php\/wp-json\/wp\/v2\/types\/page"}],"author":[{"embeddable":true,"href":"https:\/\/zlomujemy.com.pl\/index.php\/wp-json\/wp\/v2\/users\/1"}],"replies":[{"embeddable":true,"href":"https:\/\/zlomujemy.com.pl\/index.php\/wp-json\/wp\/v2\/comments?post=2"}],"version-history":[{"count":8,"href":"https:\/\/zlomujemy.com.pl\/index.php\/wp-json\/wp\/v2\/pages\/2\/revisions"}],"predecessor-version":[{"id":122,"href":"https:\/\/zlomujemy.com.pl\/index.php\/wp-json\/wp\/v2\/pages\/2\/revisions\/122"}],"wp:attachment":[{"href":"https:\/\/zlomujemy.com.pl\/index.php\/wp-json\/wp\/v2\/media?parent=2"}],"curies":[{"name":"wp","href":"https:\/\/api.w.org\/{rel}","templated":true}]}}