{"id":68,"date":"2018-03-29T23:00:37","date_gmt":"2018-03-29T21:00:37","guid":{"rendered":"http:\/\/zlomujemy.com.pl\/?page_id=68"},"modified":"2018-03-31T12:00:17","modified_gmt":"2018-03-31T10:00:17","slug":"kontakt","status":"publish","type":"page","link":"https:\/\/zlomujemy.com.pl\/index.php\/kontakt\/","title":{"rendered":"Jeste\u015bmy do Pa\u0144stwa dyspozycji przez 7 dni w tygodniu."},"content":{"rendered":"<blockquote>\n<h5 style=\"text-align: center;\">Pracujemy dla Pa\u0144stwa 7 dni w tygodniu. Zapraszamy do kontaktu telefonicznego, podczas kt\u00f3rego ustalimy szczeg\u00f3\u0142y wyceny samochodu. Nasz kierowca przyjedzie do miejsca, w kt\u00f3rym zosta\u0142 zaparkowany pojazd, przygotuje dokumenty potwierdzaj\u0105ce jego odbi\u00f3r oraz zap\u0142aci um\u00f3wion\u0105 wcze\u015bniej kwot\u0119.<\/h5>\n<\/blockquote>\n<p><!--more--><\/p>\n<p style=\"text-align: center;\">W naszej pracy sprowadzamy formalno\u015bci do niezb\u0119dnego minimum, tak aby\u015bcie Pa\u0144stwo nie tracili czasu na czynno\u015bci zwi\u0105zane ze z\u0142omowaniem samochodu.<\/p>\n","protected":false},"excerpt":{"rendered":"<p>Pracujemy dla Pa\u0144stwa 7 dni w tygodniu. Zapraszamy do kontaktu telefonicznego, podczas kt\u00f3rego ustalimy szczeg\u00f3\u0142y wyceny samochodu. Nasz kierowca przyjedzie do miejsca, w kt\u00f3rym zosta\u0142 zaparkowany pojazd, przygotuje dokumenty potwierdzaj\u0105ce jego odbi\u00f3r oraz zap\u0142aci um\u00f3wion\u0105 wcze\u015bniej kwot\u0119.<\/p>\n","protected":false},"author":1,"featured_media":0,"parent":0,"menu_order":4,"comment_status":"closed","ping_status":"closed","template":"","meta":{"footnotes":""},"_links":{"self":[{"href":"https:\/\/zlomujemy.com.pl\/index.php\/wp-json\/wp\/v2\/pages\/68"}],"collection":[{"href":"https:\/\/zlomujemy.com.pl\/index.php\/wp-json\/wp\/v2\/pages"}],"about":[{"href":"https:\/\/zlomujemy.com.pl\/index.php\/wp-json\/wp\/v2\/types\/page"}],"author":[{"embeddable":true,"href":"https:\/\/zlomujemy.com.pl\/index.php\/wp-json\/wp\/v2\/users\/1"}],"replies":[{"embeddable":true,"href":"https:\/\/zlomujemy.com.pl\/index.php\/wp-json\/wp\/v2\/comments?post=68"}],"version-history":[{"count":8,"href":"https:\/\/zlomujemy.com.pl\/index.php\/wp-json\/wp\/v2\/pages\/68\/revisions"}],"predecessor-version":[{"id":87,"href":"https:\/\/zlomujemy.com.pl\/index.php\/wp-json\/wp\/v2\/pages\/68\/revisions\/87"}],"wp:attachment":[{"href":"https:\/\/zlomujemy.com.pl\/index.php\/wp-json\/wp\/v2\/media?parent=68"}],"curies":[{"name":"wp","href":"https:\/\/api.w.org\/{rel}","templated":true}]}}