{"id":8,"date":"2018-03-29T16:01:23","date_gmt":"2018-03-29T14:01:23","guid":{"rendered":"http:\/\/zlomujemy.com.pl\/?page_id=8"},"modified":"2023-02-24T22:12:16","modified_gmt":"2023-02-24T21:12:16","slug":"stacja_demontazu","status":"publish","type":"page","link":"https:\/\/zlomujemy.com.pl\/index.php\/stacja_demontazu\/","title":{"rendered":"Stacja demonta\u017cu"},"content":{"rendered":"<p>Przykro nam, ale nie sprzedajemy cz\u0119\u015bci po demonta\u017cu aut.<\/p>\n<p>&nbsp;<\/p>\n<p>Stacja demonta\u017cu aut pracuje 7 dni w tygodniu.<\/p>\n","protected":false},"excerpt":{"rendered":"<p>Przykro nam, ale nie sprzedajemy cz\u0119\u015bci po demonta\u017cu aut. &nbsp; Stacja demonta\u017cu aut pracuje 7 dni w tygodniu.<\/p>\n","protected":false},"author":1,"featured_media":0,"parent":0,"menu_order":0,"comment_status":"closed","ping_status":"closed","template":"","meta":{"footnotes":""},"_links":{"self":[{"href":"https:\/\/zlomujemy.com.pl\/index.php\/wp-json\/wp\/v2\/pages\/8"}],"collection":[{"href":"https:\/\/zlomujemy.com.pl\/index.php\/wp-json\/wp\/v2\/pages"}],"about":[{"href":"https:\/\/zlomujemy.com.pl\/index.php\/wp-json\/wp\/v2\/types\/page"}],"author":[{"embeddable":true,"href":"https:\/\/zlomujemy.com.pl\/index.php\/wp-json\/wp\/v2\/users\/1"}],"replies":[{"embeddable":true,"href":"https:\/\/zlomujemy.com.pl\/index.php\/wp-json\/wp\/v2\/comments?post=8"}],"version-history":[{"count":5,"href":"https:\/\/zlomujemy.com.pl\/index.php\/wp-json\/wp\/v2\/pages\/8\/revisions"}],"predecessor-version":[{"id":113,"href":"https:\/\/zlomujemy.com.pl\/index.php\/wp-json\/wp\/v2\/pages\/8\/revisions\/113"}],"wp:attachment":[{"href":"https:\/\/zlomujemy.com.pl\/index.php\/wp-json\/wp\/v2\/media?parent=8"}],"curies":[{"name":"wp","href":"https:\/\/api.w.org\/{rel}","templated":true}]}}